 - (-4)/(-22)?
3
Let b(q) = q**2 - 11*q - 1. Let s be b(11). Let x = 7 + s. Suppose -4*o + x*n - n + 23 = 0, n = -3*o + 3. What is the units digit of o?
2
Let n(g) = 18*g + 11. Let m be n(20). Suppose -3*y + 25 = -m. What is the tens digit of y?
3
Suppose 3*k + l = 5, 0 = -l - 3*l - 16. Suppose -4*y + 4*w + 446 = -514, 3*y + k*w - 738 = 0. What is the units digit of y?
3
Let z(c) = -c**2 + 4*c - 1. Let m be z(3). Let q(r) = 1 + r**m - 2*r**2 + 11*r + 4 - 7. What is the units digit of q(8)?
2
Let n(z) = -z**3 + 2*z**2 + z - 4. Suppose 2*h = l - 7, -5*h + 6*h - 5*l = 10. Let p be -13 + 15 + 1*h. What is the tens digit of n(p)?
3
Let w = -85 - -68. Let b = -8 - w. What is the units digit of b?
9
Let j = 2650 + -4684. What is the hundreds digit of 4/((-9)/(j/4))?
2
Suppose -2*d - 3*z = -33, 18 = 5*z + 3. Let k = 48 - d. What is the units digit of k?
6
Let k(j) be the second derivative of j**4/3 - 2*j**3/3 - 5*j**2 - 20*j. What is the hundreds digit of k(-5)?
1
Let i = 5225 + -2629. What is the thousands digit of i?
2
Let f = -30 + 34. Suppose s - 102 = 3*s + 3*i, 0 = -5*s - f*i - 262. Let a = s + 102. What is the units digit of a?
8
Let w = -1790 + 3409. What is the tens digit of w?
1
Let u(g) = -4*g - 4 - 4*g**2 - 4*g**3 - g**3 + 4*g**3. What is the tens digit of u(-4)?
1
Let o(n) = -50*n - 10. Let p be o(-15). Suppose 0 = 6*v - p + 212. What is the units digit of v?
8
Suppose -5*v - 67 = -567. What is the hundreds digit of v?
1
Let l(p) = -99*p - 15. What is the units digit of l(-10)?
5
Let h = 18 + -16. Suppose 4*d + 2 = 3*t, h*d = 5*t - 14 + 6. What is the units digit of 11 + (1 - d - -3)?
4
Suppose -5*a + k - 2 = 3, -3*k = -5*a - 5. Suppose -5*b - 39 = -18*b. What is the units digit of (0 - a)/(b/3)?
1
Let r(g) = -7*g - 5. Let k be r(-5). What is the units digit of ((-396)/k)/(3/(-15))?
6
What is the hundreds digit of (-13)/(-52)*-28 - (-6168)/2?
0
Let r(m) = 3*m**2 + 24*m + 104. What is the units digit of r(-21)?
3
Let o = -5 + 13. Let b(w) = w**2 - 10*w + 10. Let h be b(o). What is the units digit of h/(1/((-12)/8))?
9
Let c(q) = -3*q - 5. Let b be c(-5). What is the tens digit of 16/b*45/6?
1
Let y(h) = -h**3 + 2*h**2 + 3*h - 3. Let w be y(2). Suppose -w*p = -4*o, -2*p - o + 3*o = -2. What is the tens digit of (-18)/(2*(-3)/p)?
1
Suppose 0 = 4*m + 3*w + w - 136, -5*m = 2*w - 176. Let h = 99 + -49. Let x = h - m. What is the units digit of x?
4
Suppose -2*r + u - 4*u + 3 = 0, -3*r - u = 6. Let v(a) = -26*a + 6. What is the tens digit of v(r)?
8
Let z = -14 + 5. What is the units digit of ((-2)/(-3))/(z/(-999))?
4
Suppose -3*p - i - 2*i = -21, -4*p - 3*i = -23. Suppose -5*r = 0, -40 = -a - p*r + 14. What is the units digit of a?
4
Suppose -25*j - 238 = -29*j - x, 3*j = -x + 178. Suppose 31 = p - 8. Let f = j - p. What is the tens digit of f?
2
Suppose -4*p + 280 = -4*a, -p - 5*a = -3*p + 149. Suppose 3*z + 19 = p. What is the tens digit of z?
1
Let y(s) be the first derivative of -s**4/4 + 8*s**3/3 - s**2/2 + 17*s - 9. Let i be y(7). Suppose 5*x - i = 96. What is the tens digit of x?
3
Suppose 4*t - 10 = 3*n - n, 7 = 3*t - n. Suppose 247 = 4*l + l - t*b, 3*l - 3*b = 141. What is the units digit of l?
1
Let p(j) = 2*j**2 + 12*j - 7. Let w be p(-7). Suppose w = 3*f - 2. Suppose -5*m + 127 = -k + f*k, -k = -5*m + 139. What is the units digit of m?
7
Suppose 33 = 3*l - 24. Let h = l + -31. What is the units digit of (-6)/4*8/h?
1
Suppose 6*a = 63 + 5211. What is the units digit of a?
9
Let l(y) = -y**2 - 13*y - 15. Let v be l(-10). Suppose 5 = -5*j, 0 = 3*z + z + 4*j + 12. Let r = z + v. What is the tens digit of r?
1
Let z(q) be the third derivative of q**4/8 - 19*q**3/6 + q**2. Let m(y) = -y + 5. Let r(t) = -26*m(t) - 6*z(t). What is the tens digit of r(7)?
4
Let a = -25 - 6. Let j = -19 - a. What is the tens digit of j?
1
Let v(r) be the third derivative of -1/8*r**4 + 0 + 0*r**3 - 3*r**2 + 0*r. What is the units digit of v(-5)?
5
Let p(i) = 8*i + 12. Let n = 65 + -46. Suppose 0 = 5*z - 2*h - n, h + 2 = 5. What is the units digit of p(z)?
2
Suppose 951 = 2*h - h. Suppose k = -4*t + 2*t + 61, 0 = 4*t - 3*k - 147. What is the units digit of 6/t - h/(-33)?
9
Suppose -25 = 3*v + 2*v. Let t = v - -10. Suppose 2*m + i - 70 = -m, -t*m + 130 = -5*i. What is the tens digit of m?
2
Suppose -4*a = 7 - 19. Suppose t = -a*k - 0*t + 9, -5*t - 6 = -2*k. What is the units digit of k?
3
Let j(n) = -3*n + 9 - 2*n**2 - 12 + 3*n**2. Let h be j(4). What is the units digit of (h/2)/((-23)/(-414))?
9
Suppose 12*o = 15*o - 1305. Suppose 2*g - o = -g. What is the hundreds digit of g?
1
Suppose -6*x - 14 + 56 = 0. What is the units digit of 126/x*10/4?
5
Let p = 235 - 37. What is the hundreds digit of p*(-2 + (-44)/(-12) + 0)?
3
Suppose -4*s = n - 13 - 13, 4*n + 2*s = 76. Let z be (-10)/(-3)*n/12. What is the units digit of 328/10 - (-1)/z?
3
Let b(f) = f**2 - 9*f + 16. Suppose 5*i - 33 = -4*a, 0 = -3*i - 2*i + 5. Let t be b(a). What is the units digit of 0 + 1 - t - -13?
2
Let c(r) be the third derivative of r**4/6 + r**3/3 + 9*r**2. Let l be c(5). Let m = 30 - l. What is the units digit of m?
8
Suppose -24*m - 134816 = -46*m. What is the units digit of m?
8
Let u be -1*1 - (-16 - 1296). What is the units digit of u/9 + (-16)/24?
5
Suppose -338 = -5*y + 4*x, x = -x - 4. Let t = y - 25. What is the units digit of t?
1
Suppose 0 = 18*g - 6525 - 14625. What is the thousands digit of g?
1
Let m = 469 - 274. Suppose p = 6*p - m. What is the units digit of p?
9
Let j(d) = 191*d + 17. Let m be j(3). Suppose -h + 3*y + 129 = 0, 4*h - m + 6 = -5*y. What is the hundreds digit of h?
1
Let x be 5/((-10)/6) + 5. Let y(d) = -2 - 2 + x*d + 4 + 1. What is the units digit of y(13)?
7
Suppose 21*j = 6*j + 6420. What is the tens digit of j?
2
Let x(s) = 4*s + 13 - 11 - 4. Let n be x(3). Suppose 9*c = n*c - 7. What is the units digit of c?
7
Let w(k) be the first derivative of 4*k + 2*k**2 - 1/3*k**3 - 1 - 1/4*k**4. What is the units digit of w(-3)?
0
Let o(n) = -n**2 + n + 10. Let v be o(8). Let y be (((-27)/(-2))/9)/(2/(-24)). Let s = y - v. What is the tens digit of s?
2
Let m = 561 - 2901. What is the tens digit of 2 - (-16)/(-10) - m/25?
9
Let z(s) = -s**3 + 5*s**2 - 3*s - 1. Let n be z(5). Let k be (-12)/n + (-9)/12. What is the tens digit of -1 - k - 1 - -34?
3
Let p be 1 + 7 - (0 - 2). Suppose 32 = u - 8*j + 5*j, 4*u = -5*j + 145. What is the tens digit of 4/p*(u - 0)?
1
Let b(m) = -3*m + 12. Let d be (-26)/65 + 17/5. What is the units digit of b(d)?
3
Let f = -70 + 596. What is the hundreds digit of f?
5
Suppose 8*t - 616 = t. Suppose a - t = 32. What is the tens digit of a?
2
Let z(b) = 2*b**2 - 3*b - 32. What is the tens digit of z(-5)?
3
Let o = -538 - -714. What is the hundreds digit of o?
1
Suppose 0 = -3*o - 11 - 7. What is the units digit of ((-1202)/o + 9)*6/4?
4
Suppose 2*c - 2*f = c - 6, 3*f + 5 = 5*c. Let j be -3*(-6)/9 + 0. Suppose -j*u = 4*g - 266, 0*g - 202 = -3*g - c*u. What is the units digit of g?
6
Let r = -2172 + 3111. What is the units digit of r?
9
Let g be 0 - 38/(-2) - -3. Let d = g - 20. Suppose -c - 56 = -5*z + 125, -2*c = d. What is the units digit of z?
6
What is the hundreds digit of -2*-292*(5/(-2) - -3)?
2
Let m(w) = -w**2 - 6*w - 7. Let p be m(-3). Suppose 0 = p*l + 2*c - 70, l - 30 = -2*c + 2. Let g = l - 16. What is the units digit of g?
2
Suppose -2*f + 1534 = -6*d + 10*d, 4*d = 5*f + 1499. What is the tens digit of d?
8
Let r be (1 + 10/(-6))*42. What is the tens digit of r + 25 + (-1)/(2/(-86))?
4
Let s be (-1 + -746)*((-160)/(-24) + -7). Suppose s = g - 3*y + y, -y + 2 = 0. What is the hundreds digit of g?
2
Let r(c) = c**3 - 6*c**2 - c**2 + 7 + 7*c + 7*c**2 + 7*c**2. Let s(j) = -4*j - 1. Let t be s(1). What is the units digit of r(t)?
2
Suppose 4 = -3*d + 7*d. What is the tens digit of 132/d - (2 + 0)/(-2)?
3
Suppose 4*y - 5*p = -2, y + 0*y + 6 = 4*p. Suppose -80 = -3*o + 8*c - 3*c, -45 = -o - y*c. What is the tens digit of o?
3
Let z(k) = k - 1. Let q(r) = -12*r - 11. Let w(j) = q(j) + 2*z(j). What is the units digit of w(-5)?
7
Let v = -25 + 42. Suppose 2*p - v = -7. Suppose p*u - 177 = 13. What is the tens digit of u?
3
Let o = -20 - -21. What is the units digit of (7 + -11)/(o/(-21))?
4
Let b(r) = 2*r - 6. Let y be b(9). Suppose y 